 k(-33).
-4
Let u(h) = -10*h**2 + 234*h - 816. Give u(17).
272
Let d(p) = -3*p**3 + 59*p**2 - 2727*p + 54940. What is d(20)?
0
Let s(n) = -n**2 + 205*n - 5681. What is s(33)?
-5
Let x(l) = 6*l**3 + 1959*l**2 + 990*l + 3862. Give x(-326).
-50
Let o(z) = -1423*z + 2878. Calculate o(5).
-4237
Let k(z) = -z**2 + 142*z - 1844. Determine k(121).
697
Let y(h) = -2099*h + 191001. What is y(91)?
-8
Let s(y) = -1403*y + 162691. Give s(116).
-57
Let b(d) = 2*d**2 - 1600*d + 3180. Give b(2).
-12
Let c(t) = t**3 - 78*t**2 + 1136*t + 1336. Give c(58).
-56
Let k(b) = -2555*b - 53487. What is k(-21)?
168
Let j(a) = -1022*a + 40151. What is j(38)?
1315
Let o(l) = l**3 + 5*l**2 + 41197*l + 205989. Give o(-5).
4
Let t(i) = 7*i + 226. What is t(39)?
499
Let a(y) = -y**2 - 16*y + 754. Determine a(-52).
-1118
Let o(p) = 11303*p + 53010. Determine o(-5).
-3505
Let d(c) = -c**3 + 130*c**2 - 3722*c + 1082. Calculate d(42).
-10
Let p(f) = 61*f**3 + 24523*f**2 + 374*f - 11257. Give p(-402).
-1
Let z(b) = -2*b**3 + 15*b**2 - 857*b + 4271. Calculate z(5).
111
Let a(c) = c**3 + 6*c**2 - 573*c + 2401. Give a(18).
-137
Let z(c) = -3796*c - 352984. Calculate z(-93).
44
Let k(a) = 3702*a - 44226. Determine k(12).
198
Let o(m) = 1098*m - 1050. What is o(1)?
48
Let x(d) = 1289*d**3 - 10*d**2 - 55*d + 66. Determine x(1).
1290
Let d(r) = -7*r**3 - 1035*r**2 + 159*r + 2102. Give d(-148).
474
Let v(h) = -5667*h - 45343. What is v(-8)?
-7
Let q(o) = 3*o**3 - 218*o**2 - 63*o - 508. Give q(73).
222
Let l(c) = -c**2 - 33623*c + 134489. Calculate l(4).
-19
Let u(n) = -n**3 - 1707*n**2 - 5236*n - 211289. What is u(-1704)?
7
Let f(c) = 29*c - 4556. Give f(168).
316
Let x(l) = l**3 - 7*l**2 - 6962*l + 362. What is x(87)?
188
Let h(r) = -21*r**2 + 1242*r + 2483. Determine h(-2).
-85
Let o(i) = -1000*i + 69024. Calculate o(69).
24
Let k(v) = 28*v**2 - 6290*v + 60105. Give k(10).
5
Let g(n) = -n**3 + 527*n**2 + 3721*n + 9090. What is g(534)?
12
Let a(k) = -k**2 + 407*k - 40261. Determine a(239).
-109
Let v(h) = -h**3 + 8*h**2 - 21657*h + 129877. Determine v(6).
7
Let k(w) = -106*w**2 - 68979*w + 138388. Give k(2).
6
Let f(z) = 4*z**2 - 1091*z - 13985. Determine f(285).
-20
Let c(h) = -h**3 + 114*h**2 + 4494*h - 15. Determine c(-31).
16
Let r(b) = 2*b**2 - 297*b - 23418. Calculate r(-57).
9
Let o(c) = -17*c**2 + 482*c + 19. Calculate o(27).
640
Let h(c) = 4*c**3 - 186*c**2 + 424*c + 291. Give h(3).
-3
Let m(f) = -3540*f - 28091. Give m(-8).
229
Let x(t) = -t**3 + 21*t**2 + 9*t - 719. What is x(19)?
174
Let l(q) = 3*q**3 + 142*q**2 - 235*q - 1522. Calculate l(4).
2
Let a(u) = -19*u**2 + 2013*u - 21428. Calculate a(12).
-8
Let a(x) = x**2 + 8833*x + 682866. What is a(-78)?
-24
Let k(w) = 2*w**2 - 23*w - 369. Calculate k(-31).
2266
Let n(c) = -c**3 - 128*c**2 - 4*c - 7. What is n(0)?
-7
Let s(o) = -731*o**2 - 4344*o - 27. Calculate s(-6).
-279
Let n(x) = -x**2 + 204*x - 3083. What is n(17)?
96
Let i(k) = -13*k**2 - 263*k - 1765. Calculate i(-7).
-561
Let v(a) = -3*a**3 + 477*a**2 - 475*a + 173. Give v(158).
15
Let i(m) = 4*m**2 - 157*m + 142. Give i(38).
-48
Let p(t) = 329*t**3 + 7*t**2 + 61*t + 106. Calculate p(-2).
-2620
Let g(j) = -j**3 - 94*j**2 - 1708*j - 509. What is g(-70)?
1451
Let k(m) = m**3 + 48*m**2 + 726*m + 3403. Give k(-17).
20
Let i(x) = -35*x**2 + 11768*x + 32882. Determine i(339).
-1
Let w(n) = -n**3 + n**2 + 41*n + 2. Calculate w(-6).
8
Let y(a) = -a**3 - 637*a**2 - 4293*a + 5907. Determine y(-8).
-5
Let d(j) = 12*j**2 - 53*j - 343. What is d(-6)?
407
Let o(u) = u**3 + 22*u**2 + 3001*u - 37004. What is o(11)?
0
Let z(b) = 6*b**3 + 10*b**2 + 23*b + 114. Determine z(-5).
-501
Let x(h) = 2*h**3 + 4650*h**2 + 18494*h - 294. Calculate x(-4).
2
Let z(q) = 22*q**2 - 253*q + 511. Give z(2).
93
Let u(h) = 46*h**2 - 8425*h + 18090. Calculate u(181).
171
Let l(b) = 5*b**2 - 107*b - 378. Give l(24).
-66
Let j(q) = -798*q + 7624. Calculate j(7).
2038
Let w(p) = p**2 + 388*p - 32748. What is w(72)?
372
Let v(i) = -2*i**3 + 3*i**2 - 15*i + 81. Calculate v(7).
-563
Let k(x) = -81*x**2 - 9342*x - 185. Determine k(-115).
2920
Let j(x) = -193*x**3 - 17*x**2 - 72*x - 54. Calculate j(-1).
194
Let q(n) = -711*n**2 - 376830*n + 254. Determine q(-530).
254
Let q(s) = -2*s**3 + 4*s**2 - 182*s + 1391. Determine q(6).
11
Let d(w) = -21*w**3 + 924*w**2 + 38*w + 689. Calculate d(44).
2361
Let s(r) = -28*r**2 - 16081*r + 48262. Determine s(3).
-233
Let s(l) = l**3 + l**2 - 5002*l - 34686. Give s(-7).
34
Let b(k) = 25771*k + 1314309. Determine b(-51).
-12
Let s(q) = -8935*q - 634159. Calculate s(-71).
226
Let a(b) = -14934*b + 1134968. What is a(76)?
-16
Let r(p) = -150*p + 21440. Determine r(143).
-10
Let g(b) = 1167*b + 66895. Calculate g(-58).
-791
Let u(v) = -8141*v + 179009. Calculate u(22).
-93
Let l(i) = i**3 + 87*i**2 + 1615*i + 44. What is l(-27)?
179
Let n(h) = -57*h - 2064. What is n(-12)?
-1380
Let p(s) = -53*s**2 - 370*s - 247. Give p(-7).
-254
Let x(t) = -708*t**2 + 6792*t - 3778. What is x(9)?
2
Let a(x) = -356*x - 43404. What is a(-122)?
28
Let d(k) = k**3 - 67*k**2 + 746*k + 347. Give d(52).
-1421
Let h(f) = -f**3 - 107*f**2 + 1014*f - 2582. What is h(-116)?
898
Let x(s) = 219*s**2 - 1085*s - 23. What is x(5)?
27
Let n(s) = 2127*s - 523191. Determine n(246).
51
Let w(v) = -v**3 - 6*v**2 - 108*v - 217. Determine w(0).
-217
Let c(h) = h**3 + 198*h**2 + 3232*h - 814. Determine c(-180).
626
Let v(q) = -2*q**2 + 392*q - 9750. Give v(166).
210
Let n(a) = a**3 + 270*a**2 + 13466*a + 28902. Calculate n(-205).
-3
Let q(n) = 55*n**2 - 498*n - 531. Calculate q(10).
-11
Let a(f) = 289*f + 9485. Give a(-31).
526
Let v(j) = -455*j - 2776. Calculate v(-6).
-46
Let q(a) = 1842313*a - 23950067. What is q(13)?
2
Let z(j) = -413697*j - 33. Give z(0).
-33
Let w(t) = 20*t**2 - 2470*t - 3696. Determine w(125).
54
Let i(b) = -b**3 - 91*b**2 - 650*b + 7164. What is i(-82)?
-52
Let n(r) = -r**2 - 1362*r - 5432. What is n(-4)?
0
Let u(k) = -3*k**2 + 400*k - 3157. What is u(125)?
-32
Let x(k) = -k**3 - 125*k**2 - 106*k + 1284. Determine x(-124).
-948
Let z(n) = n**2 - 110*n - 3376. Give z(135).
-1
Let h(n) = -n**2 + 567*n - 10926. What is h(20)?
14
Let m(l) = -l**3 + 77*l**2 - 934*l - 255. Determine m(16).
417
Let m(h) = -18*h**2 - 2762*h - 144. Give m(-153).
1080
Let n(u) = u**3 - 470*u**2 + 461*u - 216671. What is n(470)?
-1
Let h(k) = 3*k**2 - 203*k - 49. Give h(65).
-569
Let s(j) = j**3 - 12*j**2 - 295*j + 1618. Give s(22).
-32
Let z(l) = 286*l + 32716. Give z(-115).
-174
Let v(g) = -10*g**3 + 151*g**2 + 13*g - 67. Give v(15).
353
Let u(i) = -1016*i - 91465. What is u(-90)?
-25
Let g(s) = -3*s**3 - 596*s**2 + 786*s - 2799. Give g(-200).
1
Let i(a) = a**3 - 171*a**2 + 5*a - 60712. Calculate i(173).
11
Let z(q) = -3*q**3 - 254*q**2 + 289*q + 17387. Calculate z(-85).
47
Let y(x) = -54*x**2 - 147*x + 237. Determine y(-4).
-39
Let p(m) = 3*m**2 - 757*m - 376745. Give p(-250).
5
Let j(y) = -49*y**2 + 2504*y + 25. Calculate j(51).
280
Let w(g) = -82*g + 16143. What is w(197)?
-11
Let n(y) = 10327*y - 903. Give n(0).
-903
Let d(i) = -i**3 - 150*i**2 + 1250*i - 2219. What is d(-158)?
-7
Let i(y) = -13*y**3 - 317*y**2 + 209*y + 49. What is i(-25)?
-176
Let u(w) = 85*w**3 - 33*w**2 + 11*w + 24. Determine u(1).
87
Let q(h) = h**3 + 19*h**2 + 87*h + 28. Give q(-10).
58
Let y(n) = 909*n - 14323. Determine y(16).
221
Let l(d) = -d**3 + 401*d**2 - 16950*d + 313. Give l(48).
25
Let w(u) = 22271*u + 155891. Calculate w(-7).
-6
Let d(o) = -2*o**2 - 707*o - 59348. Determine d(-137).
-27
Let t(x) = 463*x - 50363. Give t(107).
-822
Let k(g) = -3*g**3 - 6*g**2 + g - 37. Give k(0).
-37
Let r(h) = 10*h**3 + 5051*h**2 + 938*h + 218675. Give r(-505).
10
Let p(s) = -s**3 - 24*s**2 - 1563*s - 42035. What is p(-26)?
-45
Let y(j) = 4937*j + 29705. Give y(-6).
83
Let o(w) = 16*w**2 - 1600*w + 46. Determine o(100).
46
Let s(z) = -2*z**3 - 607*z**2 - 302*z + 245. Determine s(-303).
-58
Let d(b) = -14*b**2 + 43*b + 984. Determine d(-7).
-3
Let l(n) = 22*n**2 + 4028*n - 16078. Determine l(-187).
4
Let n(q) = 2*q**3 - 106*q**2 + 688*q + 454. Determine n(8).
198
Let i(k) = -k**3 + 103*k**2 - 484*k - 8772. Determine i(-7).
6
Let i(u) = 65*u**2 + 20469*u - 22380. Determine i(-316).
56
Let r(i) = 7*i**2 + 733*i - 16746. Determine r(19).
-292
Let x(d)